 g.
2, 23
Let o = 14 + -6. List the prime factors of o.
2
Suppose 21*q - 660 = 19*q. What are the prime factors of q?
2, 3, 5, 11
Let u(h) = -h**3 - h**2 + 3*h - 3. Let v be u(-3). Suppose 22 = 2*b + v. What are the prime factors of b?
2
Let h(v) = -v**2 + v - 1. Let g(q) = -4*q**2 + 2*q + 6. Let l(j) = g(j) - 5*h(j). List the prime factors of l(5).
3, 7
Let b(l) = 53*l - 5. List the prime factors of b(1).
2, 3
Suppose 3*v - 132 = -12. What are the prime factors of v?
2, 5
Suppose 0 = 5*o - 15, g - 22 = 3*o + 135. List the prime factors of g.
2, 83
Suppose a + 4*o = 18, 0 = -5*a + 4*o - 6 - 0. Suppose -2*n - 4 = -a. Let q = n - -3. What are the prime factors of q?
2
Suppose 0 = 4*n - n - 102. Suppose 3*q - n = -1. What are the prime factors of q?
11
Let p(l) be the second derivative of l**4/12 - l**3/6 + 3*l**2/2 - l. What are the prime factors of p(3)?
3
Suppose 4*m = 8*l - 4*l - 140, 2*l = -4*m + 82. What are the prime factors of l?
37
Let u(x) = 24*x - 9. What are the prime factors of u(4)?
3, 29
Let k(h) be the second derivative of -h**6/720 + 7*h**5/120 + h**4/12 - 2*h. Let n(x) be the third derivative of k(x). What are the prime factors of n(5)?
2
Let b(d) = -d**3 + 3*d**2 + d - 1. Let c be b(2). Suppose -c*z + 16 = -z. Suppose -z*r = 5*g - 11, -g - 5*r + 1 = 3. List the prime factors of g.
3
Suppose -5*b - 227 = -4*f - 71, -3*f - 2*b + 117 = 0. List the prime factors of f.
3, 13
Let o = -160 + 203. List the prime factors of o.
43
Suppose 1 + 2 = a. What are the prime factors of ((-4)/a)/((-4)/18)?
2, 3
Let t(x) = 7*x + 2. Let b be t(4). What are the prime factors of (0 - 1)/((-6)/b)?
5
Let m(r) = -r**2 - 1 + 27 + 0*r**2 - r + 3*r**3 - 4*r**3. What are the prime factors of m(0)?
2, 13
Suppose 0 = -3*y + 2*y + 13. Let l = y + -9. List the prime factors of ((-2)/l)/(2/(-20)).
5
Suppose -6*c + 4 = -3*c - 2*q, 15 = 5*c + 5*q. Let p be 2*(c + 34/4). Suppose p = v + 4. What are the prime factors of v?
17
Let q(v) = -2*v - 5. Let w be 4/20 - (-62)/(-10). Let y be q(w). Suppose -5*r = -2*d + 8, 9 + y = 4*d + 5*r. What are the prime factors of d?
2
Suppose 3*z - 7 - 8 = 0. Suppose 5 = -z*f - w, 2*f - 2*w = 3*w + 25. Let t = f + 3. List the prime factors of t.
3
Let p(a) = 18*a**2 + a. Let y be p(-1). Suppose 2 = -3*q + y. Suppose 2*w - 4 = 2*r, q*w - 3*r = -2*r + 14. What are the prime factors of w?
3
Let n = -5 - -22. Let c = n - 7. List the prime factors of c.
2, 5
Let m(w) = w**3 + 2*w**2. Suppose 0*i - 4 = -2*i. What are the prime factors of m(i)?
2
Let c(f) = f**3 - 7*f**2 - 4. Let t be c(7). Let d = 3 + t. List the prime factors of 6 + d + (4 - 1).
2
Suppose t + 0*t - 3 = 0. What are the prime factors of t - 5/((-15)/48)?
19
Suppose 95 = 3*z - 130. List the prime factors of z.
3, 5
Let u be (0 - -2)/6*9. Suppose 0 = u*i - 4 - 2. Suppose 3*c = i*c + 10. What are the prime factors of c?
2, 5
Suppose 0 = 4*w - 9 - 3. Suppose 5 = -w*z + 23. What are the prime factors of z?
2, 3
Let c(z) = 8*z - 1. Let g(p) = -24*p + 2. Let b(t) = 8*c(t) + 3*g(t). List the prime factors of b(-2).
2, 7
What are the prime factors of ((-260)/(-30))/(6/63)?
7, 13
Suppose -5*l - 19 = -4. Let x = 23 + l. List the prime factors of x.
2, 5
Let n = 9 - 18. Let w = 16 + n. What are the prime factors of w?
7
What are the prime factors of (-11)/(4/(136/2)*-1)?
11, 17
Let p be (22/10)/(8/40). Suppose -b = -p - 11. What are the prime factors of b?
2, 11
Let y(r) = r**3 - 7*r**2 + 4*r + 5. Let f be y(6). Let v(o) = -o - 5. Let d be v(f). Suppose d*w + 55 = 7*w. What are the prime factors of w?
11
Let h be 2/((-36)/19 - -2). Let w be (-13 + 0)/(3/(-3)). Let b = h - w. What are the prime factors of b?
2, 3
Suppose -5*d + 156 = -2*d. Suppose 4*m - m + 2*r = 39, -4*m + d = r. What are the prime factors of m?
13
List the prime factors of -2 + 6/3 - -27.
3
Let t(f) = -f**3 + 9*f**2 - 8*f + 4. Let h be t(8). Suppose -5*m = -4*n - 0*n + 2, -5 = -h*m + n. Let g(l) = 3*l**2 - l - 2. List the prime factors of g(m).
2
Let q(s) = -s**3 + 5*s**2 - 4*s + 6. Let d be q(4). List the prime factors of (-56)/d*9/(-6).
2, 7
Let k = 72 + -34. What are the prime factors of k?
2, 19
Let w = 324 + -126. Suppose c = -3*c - 3*z + w, -4*c = 2*z - 196. List the prime factors of c.
2, 3
Let s = -211 - -390. What are the prime factors of s?
179
Suppose 6*g - 268 - 170 = 0. What are the prime factors of g?
73
Let q(r) = r**2 - 5*r + 4. Let o be q(5). Suppose 6 = -o*g + 14. Suppose z + 16 = g*z. What are the prime factors of z?
2
Let f(o) = -o**2 + 19*o + 2. List the prime factors of f(18).
2, 5
Let j(t) = -25*t. Let c be j(1). List the prime factors of c/(-2) + 6/(-12).
2, 3
Suppose 24 = -4*y + y. What are the prime factors of (-194)/y - 2/8?
2, 3
Let a(j) = -j**3 - 9*j**2 - 8*j + 4. Let w be a(-8). Suppose -3*l = -w*l. Let f = 6 - l. What are the prime factors of f?
2, 3
Let w = 254 + -104. List the prime factors of w.
2, 3, 5
Let x = -59 - -89. Let s = x + -26. List the prime factors of s.
2
List the prime factors of 2 - 5/(15/(-12)).
2, 3
Let a(v) = 5*v**3 - v**2 + 1. Let f be a(1). Suppose -4*o - 5*g = -25, -f*o - 4*g + 31 - 2 = 0. List the prime factors of o.
5
Suppose 0*j + j = -1. Let m be 2 - (1 - 1) - j. Suppose -2*f - m*f + 50 = 0. List the prime factors of f.
2, 5
Suppose 0*c = -2*c + 78. What are the prime factors of c?
3, 13
Suppose -2*o + 6*o = 44. Suppose d + o = 15. What are the prime factors of d?
2
Let d = 39 + -3. List the prime factors of d.
2, 3
What are the prime factors of (44/3)/(3/9)?
2, 11
Let s(l) = -l + 3. Let a be s(7). Let q(c) = -3*c + 1. List the prime factors of q(a).
13
Suppose -2151 = -13*s + 4*s. What are the prime factors of s?
239
Suppose 0 = 3*p - 5*k + 8, -2*k - 3*k = -4*p - 14. Let z = 11 + p. List the prime factors of z.
5
Let v be (-35)/(-10) + 2/4. Suppose 7*k - v*k - 45 = 0. What are the prime factors of k?
3, 5
Suppose 3*k - 13 = -y - 2, 0 = 3*k - 3*y - 27. Suppose -75 = -3*i - l - k, -5*i + 110 = 3*l. What are the prime factors of i?
5
Suppose 2 = 2*j, 5*q + 0*j + 26 = j. Let o = 55 - 41. Let a = o + q. List the prime factors of a.
3
Let l = 241 + -144. List the prime factors of l.
97
Let p be 0*(-2 - (-4 - -1)). What are the prime factors of p + -1 + 3 - -14?
2
Suppose c + 9 = 4*c. Let x = 16 - c. What are the prime factors of x?
13
Let q = -1 - -2. Let m be -1*(q + (-1 - -3)). Let r(o) = o**2 + o + 1. List the prime factors of r(m).
7
Let k be 3/15*-2*15. Let o be k*(4 - 3 - 2). Suppose s - o = 3. What are the prime factors of s?
3
Suppose 8*q = 4*q - 3*s + 68, -3*q + 40 = 5*s. List the prime factors of q.
2, 5
Suppose 12 = 4*p - 160. List the prime factors of p.
43
Suppose 3*b + 3 = 12. Let o = -16 + b. Let n = o - -22. List the prime factors of n.
3
Let z(s) = 2*s**2 - 5*s + 6. List the prime factors of z(6).
2, 3
Let q = 13 + -6. List the prime factors of q.
7
List the prime factors of (6/(-15))/(1/(-75)).
2, 3, 5
Suppose -v + 8 = -3*v. Let g be 16/(-2)*13/v. Let u = 36 - g. What are the prime factors of u?
2, 5
Let u = -8 - -26. Let x = -7 + u. What are the prime factors of x?
11
Let r = -5 + 3. Let o be 1/((-3)/(-21)) + r. Suppose -4*l = 2*g - 34, -l + o*g + 9 = -27. List the prime factors of l.
11
What are the prime factors of -3*(-10)/(-45)*-84?
2, 7
Let f = -51 + 73. Suppose 0 = -l + 3*x + 1, 2*l - f = x - 5. List the prime factors of l.
2, 5
Let h(s) = 26*s**3 - 2*s**2 + s. What are the prime factors of h(1)?
5
Let k = 164 - 95. What are the prime factors of k?
3, 23
Suppose 0 = -4*r, 5*g - 20 = -0*r + 5*r. Suppose z + g*m = 24, -2*m - 51 = -z + 3*m. What are the prime factors of z?
2, 3
Suppose 2*r = -r - 3, -3*s = 2*r - 4. Suppose s*i + i = 36. List the prime factors of i.
2, 3
Let i be (12 - 0)*(-28)/8. Let y = -25 - i. List the prime factors of y.
17
Let a(f) be the first derivative of 7*f**2/2 - 3*f - 1. List the prime factors of a(3).
2, 3
Let d(o) = o**2 - 3 + 0 + 10. Let p be d(0). What are the prime factors of -1*6/(-7)*p?
2, 3
Let s = 10 + -5. Suppose 0*x = s*x - 30. Suppose r + 85 = x*r. List the prime factors of r.
17
Let z = 237 + -84. List the prime factors of z.
3, 17
Let z = 0 - 2. Let m = z - -9. What are the prime factors of m?
7
Suppose h + 7 = 2*r - 7, 5*r = -3*h + 13. Let q(u) = -6*u + 9. Let w(m) = 5*m - 8. Let v(l) = -3*q(l